igit of 7976?
7
What is the tens digit of 47?
4
What is the ten thousands digit of 110668?
1
What is the hundreds digit of 38593?
5
What is the thousands digit of 16910?
6
What is the hundreds digit of 47563?
5
What is the tens digit of 50068?
6
What is the tens digit of 516?
1
What is the ten thousands digit of 21294?
2
What is the hundreds digit of 2460?
4
What is the tens digit of 1394?
9
What is the hundreds digit of 605?
6
What is the hundreds digit of 950?
9
What is the thousands digit of 1653?
1
What is the tens digit of 3799?
9
What is the ten thousands digit of 15977?
1
What is the thousands digit of 4774?
4
What is the tens digit of 102?
0
What is the tens digit of 402?
0
What is the thousands digit of 4758?
4
What is the tens digit of 28543?
4
What is the tens digit of 5539?
3
What is the hundreds digit of 2730?
7
What is the units digit of 164?
4
What is the tens digit of 1675?
7
What is the hundreds digit of 2739?
7
What is the tens digit of 834?
3
What is the ten thousands digit of 16264?
1
What is the hundreds digit of 114476?
4
What is the hundreds digit of 793?
7
What is the ten thousands digit of 91161?
9
What is the thousands digit of 6569?
6
What is the units digit of 1049?
9
What is the hundreds digit of 52099?
0
What is the tens digit of 8008?
0
What is the units digit of 6069?
9
What is the thousands digit of 5128?
5
What is the hundreds digit of 4481?
4
What is the units digit of 88232?
2
What is the units digit of 68104?
4
What is the tens digit of 133?
3
What is the hundreds digit of 1043?
0
What is the units digit of 129?
9
What is the thousands digit of 3775?
3
What is the units digit of 29?
9
What is the tens digit of 1387?
8
What is the hundreds digit of 309?
3
What is the tens digit of 36553?
5
What is the ten thousands digit of 30324?
3
What is the tens digit of 151?
5
What is the hundreds digit of 54660?
6
What is the units digit of 20132?
2
What is the tens digit of 877?
7
What is the hundreds digit of 13520?
5
What is the units digit of 1777?
7
What is the tens digit of 29777?
7
What is the thousands digit of 1113?
1
What is the ten thousands digit of 48998?
4
What is the units digit of 21820?
0
What is the units digit of 2684?
4
What is the hundreds digit of 12930?
9
What is the hundreds digit of 5936?
9
What is the hundreds digit of 5851?
8
What is the tens digit of 8344?
4
What is the units digit of 4465?
5
What is the tens digit of 95086?
8
What is the tens digit of 16968?
6
What is the hundreds digit of 182976?
9
What is the tens digit of 5663?
6
What is the units digit of 147?
7
What is the tens digit of 9689?
8
What is the hundreds digit of 551?
5
What is the units digit of 54609?
9
What is the tens digit of 3985?
8
What is the ten thousands digit of 100478?
0
What is the units digit of 1603?
3
What is the tens digit of 960?
6
What is the units digit of 610?
0
What is the tens digit of 8211?
1
What is the hundreds digit of 20882?
8
What is the ten thousands digit of 98692?
9
What is the units digit of 225?
5
What is the units digit of 753?
3
What is the tens digit of 2105?
0
What is the hundreds digit of 455?
4
What is the hundreds digit of 30946?
9
What is the units digit of 31183?
3
What is the thousands digit of 36897?
6
What is the thousands digit of 36794?
6
What is the tens digit of 759?
5
What is the thousands digit of 50196?
0
What is the tens digit of 1080?
8
What is the units digit of 410?
0
What is the hundreds digit of 483?
4
What is the tens digit of 54208?
0
What is the tens digit of 576?
7
What is the tens digit of 9963?
6
What is the hundreds digit of 5705?
7
What is the thousands digit of 1047?
1
What is the units digit of 33209?
9
What is the units digit of 1504?
4
What is the tens digit of 33669?
6
What is the units digit of 1190?
0
What is the tens digit of 923?
2
What is the units digit of 3484?
4
What is the thousands digit of 2815?
2
What is the tens digit of 57282?
8
What is the thousands digit of 14464?
4
What is the tens digit of 5257?
5
What is the ten thousands digit of 90575?
9
What is the thousands digit of 1656?
1
What is the hundreds digit of 22624?
6
What is the units digit of 76907?
7
What is the hundreds digit of 59296?
2
What is the hundreds digit of 1408?
4
What is the tens digit of 9700?
0
What is the tens digit of 613?
1
What is the ten thousands digit of 140567?
4
What is the ten thousands digit of 22287?
2
What is the units digit of 2816?
6
What is the hundreds digit of 454?
4
What is the units digit of 245?
5
What is the units digit of 227?
7
What is the tens digit of 15330?
3
What is the tens digit of 1062?
6
What is the thousands digit of 6902?
6
What is the ten thousands digit of 19836?
1
What is the thousands digit of 2716?
2
What is the tens digit of 70302?
0
What is the hundreds digit of 10677?
6
What is the units digit of 5676?
6
What is the hundreds digit of 8852?
8
What is the units digit of 919?
9
What is the hundreds digit of 4852?
8
What is the units digit of 44937?
7
What is the tens digit of 308?
0
What is the units digit of 6924?
4
What is the hundreds digit of 613?
6
What is the ten thousands digit of 10179?
1
What is the hundreds digit of 5038?
0
What is the units digit of 1814?
4
What is the units digit of 1151?
1
What is the thousands digit of 93259?
3
What is the thousands digit of 9623?
9
What is the hundreds digit of 394?
3
What is the tens digit of 1500?
0
What is the hundreds digit of 1267?
2
What is the tens digit of 247?
4
What is the units digit of 103005?
5
What is the tens digit of 70787?
8
What is the thousands digit of 1515?
1
What is the units digit of 41521?
1
What is the units digit of 79278?
8
What is the units digit of 2798?
8
What is the units digit of 5047?
7
What is the units digit of 1239?
9
What is the units digit of 353?
3
What is the hundreds digit of 470?
4
What is the ten thousands digit of 30449?
3
What is the hundreds digit of 1780?
7
What is the tens digit of 16421?
2
What is the thousands digit of 2189?
2
What is the thousands digit of 8830?
8
What is the units digit of 340?
0
What is the units digit of 1116?
6
What is the hundreds digit of 2080?
0
What is the tens digit of 34?
3
What is the units digit of 1117?
7
What is the hundreds digit of 6913?
9
What is the units digit of 1463?
3
What is the ten thousands digit of 10819?
1
What is the units digit of 18019?
9
What is the tens digit of 8068?
6
What is the thousands digit of 65795?
5
What is the hundreds digit of 2391?
3
What is the thousands digit of 175415?
5
What is the units digit of 2399?
9
What is the units digit of 13627?
7
What is the units digit of 41638?
8
What is the hundreds digit of 693?
6
What is the tens digit of 22117?
1
What is the tens digit of 90965?
6
What is the units digit of 118?
8
What is the tens digit of 127?
2
What is the tens digit of 394?
9
What is the hundreds digit of 11567?
5
What is the ten thousands digit of 18569?
1
What is the hundreds digit of 115634?
6
What is the units digit of 2279?
9
What is the tens digit of 2990?
9
What is the tens digit of 1374?
7
What is the hundreds digit of 652?
6
What is the tens digit of 75561?
6
What is the hundreds digit of 533?
5
What is the units digit of 64905?
5
What is the tens digit of 2628?
2
What is the tens digit of 362?
6
What is the tens digit of 343?
4
What is the thousands digit of 161287?
1
What is the thousands digit of 2652?
2
What is the hundreds digit of 11310?
3
What is the units digit of 54663?
3
What is the units digit of 1800?
0
What is the thousands digit of 15170?
5
What is the thousands digit of 7233?
7
What is the tens digit of 73526?
2
What is the hundreds digit of 347?
3
What is the tens digit of 34139?
3
What is the thousands digit of 14972?
4
What is the thousands digit of 99705?
9
What is the units digit of 469?
9
What is the tens digit of 740?
4
What is the tens digit of 4743?
4
What is the ten thousands digit of 23864?
2
What is the tens digit of 2172?
7
What is the hundreds digit of 16073?
0
What is the units digit of 1038?
8
What is the hundreds digit of 26579?
5
What is the tens digit of 323?
2
What is the ten thousands digit of 17780?
1
What is the hundreds digit of 277?
2
What is the units digit of 1?
1
What is the tens digit of 726?
2
What is the ten